 b(i) = i - 9. Let w(y) = -11*b(y) + 2*v(y). What is w(u)?
4
Let v(g) be the third derivative of -g**5/20 + g**3/3 + 6*g**2. What is v(2)?
-10
Let y be 5 - 2 - (9 + -1). Let n(f) = -f**2 - 6*f - 6. What is n(y)?
-1
Let t(j) = 11*j**3 - 6*j**2 + 6*j. Let g(r) = -10*r**3 + 5*r**2 - 5*r. Let i(m) = 6*g(m) + 5*t(m). What is i(1)?
-5
Let w(s) = 16*s**3 - 19*s**2 - 51*s + 11. Let z(a) = -3*a**3 + 4*a**2 + 10*a - 2. Let x(n) = 2*w(n) + 11*z(n). Calculate x(7).
7
Suppose 3*h = -8 - 10. Let y(w) = w - 7. What is y(h)?
-13
Let n(l) be the first derivative of 1/2*l**2 - 2 - 2*l - 1/3*l**3. Determine n(3).
-8
Let u(p) = -p**2 + 5*p + 8. Suppose 2*t = -3*t + 30. Calculate u(t).
2
Let h be ((-2)/(-5))/((-2)/10). Let b be -4 - 1*h - -11. Let z(n) = -n + b - 4*n + 6*n. Calculate z(-5).
4
Let f(q) = -q + 7. Let y(c) = -c**3 + 14*c + 3. Let t be y(-4). Calculate f(t).
-4
Let d(q) = -8*q - 5. Let g(r) = 18*r + 17. Let x(b) = 9*b + 8. Let u(w) = 2*g(w) - 5*x(w). Let v(y) = -6*d(y) + 5*u(y). What is v(2)?
6
Let p(f) = -f**2 + 6*f + 2. Suppose 4*a - 4*o - 40 = 0, -2*o + 4*o = -8. Let n be p(a). Let y(x) = n*x + 4*x - 4*x + 19 - 22. Calculate y(4).
5
Let m(w) be the second derivative of -w**5/20 + 7*w**4/12 - 5*w**3/6 - 7*w**2/2 + 3*w. Give m(6).
-1
Let g be ((-6)/8)/(1/(-4)). Let t(n) = n**3 - 4*n**2 + 4*n - 3. Let f(z) = 5*z**3 - 20*z**2 + 21*z - 15. Let c(v) = 2*f(v) - 11*t(v). What is c(g)?
6
Let l = 721/12 - 60. Let n(b) be the third derivative of 2*b**2 + 0 - 1/30*b**5 + 1/3*b**3 + 0*b - l*b**4. Determine n(-2).
-2
Let w(q) = q**3 - q**2 - q - 8. Let j(s) = -1. Let d(o) = -6*j(o) + w(o). What is d(0)?
-2
Let b = -8 + 2. Let l be (4/(-3))/(38/(-57)). Let y(p) = -33 + 3*p - p**3 + l*p + 31 - 5*p**2. What is y(b)?
4
Let f(x) = -x + 4. Let y = -20 + 6. Let g be (-49)/y - (-1)/(-2). Calculate f(g).
1
Let z(q) = -q**2 - 5*q - 1. Let c be z(-4). Let k be (-1)/(-2) + c/(-2). Let m(x) = 9*x**3. Calculate m(k).
-9
Let w(a) be the second derivative of -a**3/6 - a**2 + 2*a. Let k be w(-2). Let i(x) = 2 + k - 2*x + 2. Determine i(3).
-2
Let u(i) = -i + 8. Let y(r) = 8*r**2 + 3*r - 3. Let c be y(1). Determine u(c).
0
Let u(j) = 1 + 0*j - 2*j + 3. Let d be -1 - (0 + 1 + -1). Let h be (4 + -1)*d*-1. Calculate u(h).
-2
Let v(y) = 3*y**3 + y**2 - 3*y + 1. Let i be v(2). Let t be i/(-7) + (-10)/(-35). Let p(o) = -o**3 - 4*o**2 - 4*o - 4. Determine p(t).
-1
Let x(n) = 4*n - 3 - n**3 + 0 + 4*n**2 - n + 0*n**2. Calculate x(4).
9
Let z(n) = n**2 - 6*n - 5. Let c be z(7). Let g(i) = 2 + 0*i**c + i**2 + 0 - 7*i + 0. Give g(5).
-8
Let n be ((-4)/(-6))/((-4)/(-30)). Suppose -2*p + 15 = 3*p. Suppose 2*b - n = p*b. Let o(l) = l + 9. Give o(b).
4
Let q(g) = -2*g**2 - 6. Let m(n) = -n**2 + 1. Let u(f) = -6*m(f) - q(f). Let k = -275 + 274. What is u(k)?
8
Suppose 0 = -3*l - 9 + 30. Let x(g) = -3*g**2 + 5 + l*g - 3 + 5 - 1 - g**3. What is x(-4)?
-6
Let h(t) = -t**3 - 5*t**2 + 7*t + 7. Let x(c) = -3*c**2 + 4*c - 2. Let n be x(2). Determine h(n).
1
Let h be (-6)/12 - (-34)/4. Let k(v) = 3*v - 9. Determine k(h).
15
Let d be 4 - 1 - 5 - -4. Let m(w) = 1 - 2 + w**3 + 3*w**d + 4*w + 6 - 10*w**2. Suppose 3*o + 0*o = 18. Calculate m(o).
-7
Let w(q) = 3*q + 1. Suppose 5*z - 11*z = -24. Determine w(z).
13
Let b(g) = g**3 + g**2 + 2*g + 2. Let d(v) be the second derivative of v**4/12 - 4*v**3/3 + 5*v**2/2 - 6*v. Let f = -3 + 10. Let i be d(f). Give b(i).
-6
Let g(x) = x**3 + x**2 + 5. Let d be g(0). Let c(t) be the first derivative of t**4/4 - 4*t**3/3 - 5*t**2/2 - 3*t + 2. What is c(d)?
-3
Let l(u) = u**3 + 6*u**2 - u - 5. Let g be (24/40)/((-4)/40). Determine l(g).
1
Let t = -11 - -7. Let i = t - 1. Let x(c) = -c**2 - 5*c + 4. Give x(i).
4
Let w(y) = 4*y**2 + 3*y + 2 + y**3 + 6*y - 5*y. Let x be (-20)/10 + (-1 - -1). Calculate w(x).
2
Let w(m) be the first derivative of -m**4/4 + 7*m**3/3 + m**2 - 9*m + 8. Calculate w(7).
5
Let f(q) = q**2 - 2*q + 4. Let o = -57 - -72. Let t = -6 - -10. Suppose -t*g = g - o. Give f(g).
7
Let b(w) = -w - 6. Let l be b(-8). Let y(u) be the third derivative of 4/3*u**3 - 1/120*u**6 + 0 - l*u**2 - 1/60*u**5 + 0*u + 1/24*u**4. Calculate y(0).
8
Suppose -2*j = j - 30. Let l = -7 + j. Let f(r) = -r**3 - 4*r**2 - 2*r + 2. Let n(a) = 4*a**3 + 13*a**2 + 6*a - 5. Let w(p) = 7*f(p) + 2*n(p). Determine w(l).
7
Let y(o) be the second derivative of o**4/12 + 2*o**3/3 - 3*o**2/2 + 2*o. Suppose 12 = -4*q - 4. Determine y(q).
-3
Let s(u) be the first derivative of -u**2/2 + 3*u - 9. What is s(-4)?
7
Let f be ((-7)/(7/6))/(-1). Let i be (-2)/(-8) + (-1)/4. Let n(o) = f*o + i*o - 3*o - 1. Determine n(2).
5
Let o(l) be the first derivative of -3 - 3*l + 1/2*l**2. Give o(5).
2
Let k(y) = y**2 + y - 2. Let a(p) = -p**2 + 7*p - 5. Let n be a(5). Suppose 5*s = -l - 13, -n = 4*s + 7. What is k(l)?
4
Let i = -4 + 9. Suppose 0 = -i*b + 5 + 5. Let j(t) = -t**3 + t - 5*t**2 + 7 + 6*t**2 - 9. Determine j(b).
-4
Let t(d) = 2*d**3 - 2*d**2 + d - 1. Suppose -6*j = -3*j - 6. Calculate t(j).
9
Let u(d) = -2*d**3 + d**2 - 1. Let r = 4 + -3. Let j = 0 - r. What is u(j)?
2
Let p(h) = h**2 + 6*h - 4. Suppose -3*f - x - 32 = 2*f, f + 2*x = -1. Let n be p(f). Let g(w) = 0*w + 6 + w - 5. What is g(n)?
4
Let u(n) = -n**2 + 5*n - 5. Suppose 8 = -2*f + 4*f. Let g be u(f). Let w(i) be the first derivative of 5*i**2/2 + 1. Calculate w(g).
-5
Let h(z) = 3*z**2 - 5*z + 4. Let t be h(2). Let d(f) = -f**3 + 7*f**2 - 8*f + 8. Calculate d(t).
-4
Let h(j) = j**2 + 9*j + 4. Let o be -3 - 33/(-12) - 105/12. Calculate h(o).
4
Let z(d) be the first derivative of -2*d**3/3 + d**2 - d + 1. What is z(1)?
-1
Let l(s) = 3*s**2 + 3*s + 5. Suppose 3*z = 3*n - 21, -n + 2 - 3 = 0. Let m(d) = d**2 + d + 2. Let p(y) = z*m(y) + 3*l(y). Let f = -3 + 4. What is p(f)?
1
Let a(p) = 2*p - 56 + p - 2*p + 72. Determine a(-11).
5
Let w be 5/25 - 18/(-10). Let j(v) = -4 - w*v - 2*v + 3*v. Let o(b) = -b**3 - 10*b**2 + 11*b - 4. Let r be o(-11). Give j(r).
0
Let x = -10 + 4. Let v(w) = -9 - 3*w + 7*w**2 - 3*w - 8*w**2. Give v(x).
-9
Let t(g) = g**2 - 3*g + 1. Let q(v) = 3*v**2 - 8*v + 2. Let j(s) = -3*q(s) + 8*t(s). What is j(0)?
2
Let c(q) be the first derivative of 6*q + 7/2*q**2 - 4 + 1/3*q**3. What is c(-5)?
-4
Let z(w) = w**3 - 9*w**2 + 5*w - 1. Let k(c) = 3*c**3 - 28*c**2 + 14*c - 3. Let h(j) = 2*k(j) - 7*z(j). Determine h(6).
-5
Let n be 6/((4 - 4) + -2). Let z = -3 + 6. Let y(m) = -m**3 - 2*m + 0*m - m**2 - 3 - z*m**2. Give y(n).
-6
Suppose -3*v = -7*d + 2*d + 20, -d + v + 6 = 0. Let q(b) = -1 + 0 - b + 3. Let t be q(d). Let u(y) = -7*y**3 + y**2 - 1. Determine u(t).
-7
Let q(y) be the third derivative of -y**4/3 + 8*y**2. Determine q(-1).
8
Let j(w) = w**2 - 5*w - 3. Suppose -s + 3*g = 13, -20 = -4*g - 0*g. Let b be 3/2 - s/(-4). Suppose i - b = 1. Determine j(i).
-9
Let o(x) be the third derivative of -5*x**4/24 + 49*x**3/6 + 2*x**2. Let p(g) = g - 10. Let v(y) = 2*o(y) + 11*p(y). Calculate v(5).
-7
Let m(q) = -9*q**3 + q**2 - 2*q + 1. Let x(p) = p**3 + 10*p**2 - 12*p + 1. Let o be x(-11). Let t be (-3)/o*2*0. Let f be 3*1/(3 - t). What is m(f)?
-9
Let t(f) = f**2 - f + 13. Let a(i) = -3*i + 1. Let o be a(-1). Suppose -o*s = -b + 12, -3*s = 3*b - 2 + 11. What is t(b)?
13
Let k(l) = 6*l - 1. Suppose -5*z - 7 = 3. Calculate k(z).
-13
Let y(m) be the third derivative of -m**5/60 - m**4/4 + 2*m**3/3 - 4*m**2. Let w be y(-7). Let f be 11/w + 2/3. Let c(z) = -z**2 - 2*z - 1. What is c(f)?
-4
Let k(c) = -c**3 + 6*c**2 + 3*c - 12. Let h be k(6). Let j(l) = l + 1. Let u(v) = 4*v - 6. Let a(w) = 2*j(w) - u(w). Give a(h).
-4
Let n(w) = 7*w**2 - 3*w + 4. Let c(x) = 21*x**2 - 8*x + 11. Let i(o) = -4*c(o) + 11*n(o). Give i(1).
-8
Let r(h) = -h**3 - 3*h**2 + 3*h - 1. Let k be 36/(-8) - (-6)/12. Give r(k).
3
Let j(w) = w**2 + 6*w - 5. Let z = -16 - -10. Give j(z).
-5
Let y = 6 - 4. Let k(u) = -3 - u**2 - 2 + y*u + 2*u**2 + 2. Let d be 1/((-2)/(-1))*4. Give k(d).
5
Let x(o) = -o**2 - 4*o + 1. Let s = 6 - 3. Suppose -j = -s*j - 8. What is x(j)?
1
Let t(b) = b**2 - 4*b - 7. Let j be t(5). Let h(d) = -6*d - 1 + 8*d - 4*d. What is h(j)?
3
Let d(w) be the first derivative of w**4/4 - w**3/3 - w**2/2 + w + 4. Determine d(2).
3
Let n be (10/(-3))/(-5)*3. Let w(i) = 15 - 9 - 3 - i**n - 7*i. What is w(-7)?
3
Let g(k) = -k**3 - 5*k**2 - 4*k + 5. Let h be g(-4)